e 612?
True
Does 23 divide 3806?
False
Is 7536 a multiple of 24?
True
Does 52 divide 2115?
False
Is 1046 a multiple of 49?
False
Does 88 divide 13045?
False
Is 2830 a multiple of 12?
False
Does 6 divide 10572?
True
Is 903 a multiple of 43?
True
Does 9 divide 281?
False
Is 4 a factor of 12236?
True
Is 7 a factor of 11351?
False
Is 132 a factor of 5280?
True
Is 256 a multiple of 4?
True
Does 48 divide 1229?
False
Is 19454 a multiple of 67?
False
Does 10 divide 660?
True
Is 5857 a multiple of 6?
False
Does 7 divide 15978?
False
Is 17 a factor of 884?
True
Does 20 divide 5860?
True
Is 156 a multiple of 28?
False
Is 14 a factor of 686?
True
Is 4622 a multiple of 3?
False
Is 12277 a multiple of 13?
False
Is 1312 a multiple of 16?
True
Does 132 divide 2376?
True
Does 3 divide 91?
False
Is 273 a multiple of 21?
True
Does 28 divide 196?
True
Does 11 divide 22?
True
Is 62 a factor of 620?
True
Is 6990 a multiple of 30?
True
Does 30 divide 27230?
False
Is 11 a factor of 40612?
True
Is 17 a factor of 79018?
False
Does 6 divide 117?
False
Does 5 divide 3352?
False
Is 50 a factor of 4641?
False
Is 40 a factor of 379?
False
Is 812 a multiple of 58?
True
Does 81 divide 2835?
True
Is 9 a factor of 2881?
False
Does 29 divide 754?
True
Does 8 divide 760?
True
Is 26107 a multiple of 161?
False
Is 328 a multiple of 123?
False
Does 21 divide 10920?
True
Does 20 divide 3586?
False
Does 39 divide 780?
True
Is 188 a factor of 24097?
False
Is 5013 a multiple of 62?
False
Is 580 a multiple of 20?
True
Is 8450 a multiple of 50?
True
Is 622 a multiple of 29?
False
Does 61 divide 1894?
False
Does 27 divide 2536?
False
Is 23 a factor of 47656?
True
Does 101 divide 26922?
False
Does 10 divide 546?
False
Does 105 divide 26565?
True
Is 2406 a multiple of 40?
False
Is 4 a factor of 346?
False
Is 43 a factor of 4447?
False
Is 853 a multiple of 9?
False
Does 30 divide 78240?
True
Is 1493 a multiple of 8?
False
Is 510 a multiple of 34?
True
Is 478 a multiple of 20?
False
Is 1904 a multiple of 5?
False
Is 3055 a multiple of 65?
True
Does 11 divide 4165?
False
Is 182 a factor of 83538?
True
Is 4928 a multiple of 32?
True
Does 54 divide 3078?
True
Is 20752 a multiple of 60?
False
Is 455 a multiple of 13?
True
Is 2 a factor of 89?
False
Does 49 divide 27136?
False
Is 13 a factor of 65871?
True
Does 26 divide 3168?
False
Does 13 divide 78?
True
Is 13 a factor of 981?
False
Is 663 a multiple of 39?
True
Does 7 divide 417?
False
Does 29 divide 21054?
True
Is 894 a multiple of 3?
True
Does 3 divide 216?
True
Does 30 divide 286?
False
Is 1680 a multiple of 24?
True
Does 196 divide 6902?
False
Does 13 divide 1175?
False
Is 593 a multiple of 7?
False
Is 5 a factor of 17827?
False
Is 108 a factor of 13099?
False
Is 3806 a multiple of 45?
False
Is 42 a factor of 1603?
False
Does 40 divide 37734?
False
Is 285 a multiple of 5?
True
Is 26 a factor of 27560?
True
Does 86 divide 946?
True
Is 13376 a multiple of 11?
True
Is 58 a factor of 22156?
True
Is 21 a factor of 2523?
False
Is 93 a multiple of 4?
False
Is 22988 a multiple of 7?
True
Does 17 divide 5153?
False
Does 63 divide 1049?
False
Does 3 divide 2069?
False
Is 26 a factor of 1274?
True
Is 882 a multiple of 9?
True
Is 1898 a multiple of 26?
True
Does 84 divide 6480?
False
Is 9 a factor of 405?
True
Does 37 divide 67007?
True
Is 19816 a multiple of 50?
False
Does 3 divide 220?
False
Is 762 a multiple of 6?
True
Is 30 a factor of 150?
True
Does 12 divide 13596?
True
Is 25 a factor of 4693?
False
Is 18981 a multiple of 19?
True
Is 2444 a multiple of 13?
True
Is 455 a multiple of 5?
True
Does 50 divide 58800?
True
Does 9 divide 20151?
True
Does 143 divide 6164?
False
Does 5 divide 712?
False
Is 324 a multiple of 18?
True
Is 4 a factor of 2825?
False
Is 32 a multiple of 2?
True
Does 48 divide 2830?
False
Does 49 divide 2036?
False
Is 106 a factor of 2189?
False
Is 25116 a multiple of 273?
True
Does 7 divide 500?
False
Is 14902 a multiple of 159?
False
Is 2144 a multiple of 32?
True
Does 91 divide 33375?
False
Does 23 divide 2507?
True
Does 16 divide 43894?
False
Is 12816 a multiple of 14?
False
Does 29 divide 1798?
True
Is 198 a factor of 13860?
True
Is 22 a factor of 57948?
True
Is 15 a factor of 17115?
True
Is 4 a factor of 171?
False
Does 86 divide 6516?
False
Is 18 a factor of 86386?
False
Is 4152 a multiple of 51?
False
Is 29 a factor of 562?
False
Is 42125 a multiple of 46?
False
Does 164 divide 10731?
False
Is 117 a factor of 117?
True
Is 21 a factor of 2941?
False
Does 29 divide 1707?
False
Is 1320 a multiple of 8?
True
Is 14 a factor of 350?
True
Is 37 a factor of 3441?
True
Does 59 divide 177?
True
Is 2464 a multiple of 31?
False
Does 58 divide 676?
False
Is 130 a factor of 4898?
False
Is 247 a factor of 31369?
True
Is 26 a factor of 7098?
True
Is 104 a factor of 381?
False
Is 106 a factor of 1276?
False
Is 173 even?
False
Is 696 a multiple of 9?
False
Is 744 a multiple of 93?
True
Does 40 divide 6720?
True
Is 416 a multiple of 5?
False
Is 2802 a multiple of 35?
False
Is 15 a factor of 285?
True
Is 32496 a multiple of 15?
False
Is 28 a factor of 1372?
True
Does 8 divide 14434?
False
Is 596 a multiple of 18?
False
Is 10 a factor of 2330?
True
Is 6731 a multiple of 3?
False
Is 431 a factor of 116413?
False
Does 40 divide 360?
True
Is 44693 a multiple of 16?
False
Is 602 a multiple of 44?
False
Is 4832 a multiple of 17?
False
Is 15926 a multiple of 299?
False
Does 14 divide 2170?
True
Is 513 a multiple of 7?
False
Does 21 divide 5641?
False
Does 245 divide 735?
True
Is 1482 a multiple of 13?
True
Is 303 a multiple of 10?
False
Is 6 a factor of 2872?
False
Is 88 a multiple of 4?
True
Is 776 a multiple of 64?
False
Is 1221 a multiple of 65?
False
Is 6419 a multiple of 30?
False
Does 12 divide 475?
False
Is 5319 a multiple of 40?
False
Is 6005 a multiple of 21?
False
Does 14 divide 994?
True
Is 360 a multiple of 18?
True
Does 327 divide 46328?
False
Is 2162 a multiple of 47?
True
Is 3123 a multiple of 76?
False
Is 13 a factor of 62088?
True
Does 11 divide 2883?
False
Is 212 a multiple of 6?
False
Does 29 divide 755?
False
Is 3562 a multiple of 40?
False
Does 5 divide 183?
False
Is 85 a factor of 19263?
False
Is 1593 a multiple of 12?
False
Is 4852 a multiple of 29?
False
Does 53 divide 424?
True
Does 14 divide 64183?
False
Is 1805 a multiple of 51?
False
Does 17 divide 510?
True
Is 40 a factor of 867?
False
Does 62 divide 868?
True
Is 1686 even?
True
Does 21 divide 366?
False
Is 34 a factor of 578?
True
Is 5 a factor of 577?
False
Is 15 a factor of 98346?
False
Is 1302 a multiple of 62?
True
Is 1258 a multiple of 17?
True
Does 5 divide 7569?
False
Does 27 divide 5063?
False
Is 3 a factor of 113?
False
Is 58 a factor of 6938?
False
Is 1056 a multiple of 16?
True
Is 105 a multiple of 15?
True
Is 62592 a multiple of 96?
True
Does 68 divide 136?
True
Is 15264 a multiple of 16?
True
Does 15 divide 1275?
True
Is 7897 a multiple of 12?
False
Does 75 divide 148?
False
Is 18 a factor of 994?
False
Is 22 a factor of 286?
True
Is 186 a factor of 127224?
True
Is 960 a multiple of 20?
True
Is 90 a factor of 7290?
True
Is 27 a factor of 1662?
False
Is 22026 a multiple of 17?
False
Does 64 divide 14739?
False
Is 14 a factor of 1463?
False
Does 5 divide 2095?
True
Does 3 divide 486?
True
Is 6 a factor of 49025?
False
Is 5 a factor of 4166?
False
Is 13 a factor of 4837?
False
Is 4 a factor of 611?
False
Does 38 divide 1482?
True
Is 4415 a multiple of 5?
True
Is 66945 a multiple of 15?
True
Is 10766 a multiple of 3?
False
Does 113 divide 1388?
False
Is 187 a factor of 8041?
True
Is 14 a factor of 2380?
True
Is 3 a factor of 349?
False
Does 56 divide 3192?
True
Is 62 a factor of 33802?
False
Does 6 divide 2168?
False
Is 7623 a multiple of 7?
True
Is 26 a factor of 104?
True
Is 19 a factor of 133?
True
Does 71 divide 22689?
False
Is 1144 a multiple of 104?
True
Does 112 divide 5067?
False
Is 16 a factor of 624?
True
Is 7650 a multiple of 15?
True
Does 14 divide 9884?
True
Is 94 a factor of 6284?
False
Is 26 a factor of 832?
True
Is 33 a factor of 6171?
True
Does 26 divide 1873?
False
Is 1960 a multiple of 3?
False
Is 660 a multiple of 66?
True
Does 33 divide 7128?
True
Is 2327 a multiple of 13?
True
Does 3 divide 165?
True
Is 1333 a multiple of 15?
False
I